{"id":2403,"date":"2015-04-27T09:34:15","date_gmt":"2015-04-27T07:34:15","guid":{"rendered":"https:\/\/hoehenweg.sawah.mobi\/?page_id=2403"},"modified":"2019-09-17T13:49:09","modified_gmt":"2019-09-17T11:49:09","slug":"die-beke","status":"publish","type":"page","link":"https:\/\/hoehenweg.sawah.mobi\/?page_id=2403","title":{"rendered":"Die Beke"},"content":{"rendered":"<p>Die Beke ist ein rund 17 Kilometer langer Bach, der im Altenbekener Ortsteil Buke auf einer H\u00f6he von 317 Metern \u00fc. NN entspringt. Bis Altenbeken flie\u00dft sie zun\u00e4chst nordw\u00e4rts, wobei sie die W\u00e4sser der Max-und-Moritz-Quellen und der Bollerbornquelle aufnimmt. Dann wendet sie ihren Lauf nach Westen. Noch in Altenbeken m\u00fcnden der von Kempen kommende Sagebach und der am Hang des Winterbergs entspringende Kuhlbornbach in die Beke. Sp\u00e4ter nimmt sie von rechts die Durbeke, dann von links die Silberbeke aus dem Dunetal auf. Bei den letztgenannten beiden T\u00e4lern handelt es sich um f\u00fcr die Paderborner Hochfl\u00e4che typische Trockent\u00e4ler, die sehr selten \u2013 nur nach l\u00e4ngerem Starkregen oder nach der Schneeschmelze \u2013 Wasser f\u00fchren.<\/p>\n<p>Im Sommer liegen auch weite Teile der Beke meistens trocken, weil das Wasser in sogenannten \u201eBachschwinden\u201c oder \u201eSchwalgl\u00f6chern\u201c ab etwa einem Kilometer oberhalb von Neuenbeken im kl\u00fcftigen Kalksteinuntergrund versickert. Bis kurz vor Marienloh ist das Bachbett der Beke zeitweilig trocken. Durch eine kleine Quelle f\u00fchrt die Beke ab dort zumindest als kleines Rinnsal ganzj\u00e4hrig bis zu ihrer M\u00fcndung in die Lippe Wasser.<\/p>\n<p>Das in den Spalten des Kalksteinuntergrunds verschwundene Wasser flie\u00dft in unterirdischen Hohlr\u00e4umen nach Norden und tritt vermutlich in Bad Lippspringe in den Lippequellen wieder an die Oberfl\u00e4che.<\/p>\n","protected":false},"excerpt":{"rendered":"<p>Die Beke ist ein rund 17 Kilometer langer Bach, der im Altenbekener Ortsteil Buke auf einer H\u00f6he von 317 Metern \u00fc. NN entspringt. Bis Altenbeken flie\u00dft sie zun\u00e4chst nordw\u00e4rts, wobei sie die W\u00e4sser der Max-und-Moritz-Quellen und der Bollerbornquelle aufnimmt. Dann wendet sie ihren Lauf nach Westen. Noch in Altenbeken m\u00fcnden der von Kempen kommende Sagebach &hellip; <\/p>\n<p class=\"link-more\"><a href=\"https:\/\/hoehenweg.sawah.mobi\/?page_id=2403\" class=\"more-link\"><span class=\"screen-reader-text\">\u201eDie Beke\u201c<\/span> weiterlesen<\/a><\/p>\n","protected":false},"author":1,"featured_media":2427,"parent":0,"menu_order":0,"comment_status":"open","ping_status":"open","template":"","meta":{"ngg_post_thumbnail":0},"_links":{"self":[{"href":"https:\/\/hoehenweg.sawah.mobi\/index.php?rest_route=\/wp\/v2\/pages\/2403"}],"collection":[{"href":"https:\/\/hoehenweg.sawah.mobi\/index.php?rest_route=\/wp\/v2\/pages"}],"about":[{"href":"https:\/\/hoehenweg.sawah.mobi\/index.php?rest_route=\/wp\/v2\/types\/page"}],"author":[{"embeddable":true,"href":"https:\/\/hoehenweg.sawah.mobi\/index.php?rest_route=\/wp\/v2\/users\/1"}],"replies":[{"embeddable":true,"href":"https:\/\/hoehenweg.sawah.mobi\/index.php?rest_route=%2Fwp%2Fv2%2Fcomments&post=2403"}],"version-history":[{"count":1,"href":"https:\/\/hoehenweg.sawah.mobi\/index.php?rest_route=\/wp\/v2\/pages\/2403\/revisions"}],"predecessor-version":[{"id":2404,"href":"https:\/\/hoehenweg.sawah.mobi\/index.php?rest_route=\/wp\/v2\/pages\/2403\/revisions\/2404"}],"wp:featuredmedia":[{"embeddable":true,"href":"https:\/\/hoehenweg.sawah.mobi\/index.php?rest_route=\/wp\/v2\/media\/2427"}],"wp:attachment":[{"href":"https:\/\/hoehenweg.sawah.mobi\/index.php?rest_route=%2Fwp%2Fv2%2Fmedia&parent=2403"}],"curies":[{"name":"wp","href":"https:\/\/api.w.org\/{rel}","templated":true}]}}